*4 + 4.
3
Let r(v) = -4*v**2 + 424*v + 8380. Let h(l) = 10*l**2 - 3*l + 4. What is the remainder when h(5) is divided by r(-17)?
15
Suppose 0 = 4*x + 5*o - 787, -7*x - 5*o = -9*x + 431. Calculate the remainder when x is divided by 30.
23
Suppose -3*r - 3*o + 55 = -11, -r = -4*o - 32. Suppose 928*t - r = 922*t. Suppose w = -s + 26, -4*s + 53 = w - 48. What is the remainder when s is divided by t?
1
Let h(i) = -52*i - 187. Let b be h(-7). Suppose -3*v = -4*p - 6*v + b, -5*p + 213 = v. What is the remainder when 119 is divided by p?
35
Let v = -1322 + 1428. Calculate the remainder when 281 is divided by v.
69
Let g be ((-32)/(-40))/((-2)/20). Let i = g - -34. Let k = i + -9. What is the remainder when k is divided by 5?
2
Let g be (11 - (-230)/(-20))/((-1)/1304). Let j = 714 - g. What is the remainder when j is divided by 10?
2
Suppose y + 159 = 5*m - 240, -5*y = -4*m + 336. Let o(t) = -2*t**2 + 22*t + 46. Calculate the remainder when m is divided by o(12).
13
Suppose -n = 2, 3*g + 7 = -2*n - 3. Let y(c) = -96*c + 393. What is the remainder when g/(-6) - (-544)/24 is divided by y(4)?
5
What is the remainder when 3 + 4 - 4 - (24 + -2496) is divided by 20?
15
Let n = 8 + -5. Suppose 0 = 5*p + n*s - 109, -p + 2*s = -0*p - 27. Let u = -1818 - -1906. Calculate the remainder when u is divided by p.
19
Suppose 3*u + 31 = 43. Suppose -405 = -q - 4*q - 5*z, -u*q + 3*z + 303 = 0. Let r = -43 + q. What is the remainder when 69 is divided by r?
34
Calculate the remainder when 230 is divided by (5346/(-1188))/(0 + (-3)/4).
2
Let s(a) = 11*a + 83. Let y be s(-8). Calculate the remainder when (y - -11) + 4*22 is divided by 16.
14
Suppose 224 = 26*u - 10*u. Calculate the remainder when 147 is divided by (-712)/(-14) - (-2)/u.
45
Suppose p + 2*p = -d - 203, 213 = -d + 2*p. Let r = d - -315. Calculate the remainder when r is divided by 54.
52
Let v(h) = 8*h**2 - 35*h + 7. Let c be v(8). Suppose 5*d - c = 4*y + 1068, 0 = 3*d - 5*y - 792. Calculate the remainder when d is divided by 29.
27
Suppose -2*y + 135 = 3*y. Let v be ((-6)/(-3))/(8/(-8124)). What is the remainder when 20/(-90) - v/y is divided by 26?
23
Let u = 5869 - 3063. What is the remainder when u is divided by 32?
22
Let o be ((-10)/15)/(12/(-774)). Suppose -2*h = -4*h + x + 28, 2*x + o = 3*h. Calculate the remainder when 28 is divided by h.
2
Calculate the remainder when 3 + ((-16)/104 - 259746/(-39)) is divided by 119.
118
Let c(q) = -14*q - 37. Let w be c(-3). Suppose 2*i - 4*m - 246 = 0, -w*m = -i + 2*i - 144. What is the remainder when i is divided by 11?
8
Let x = 3761 - 3734. Calculate the remainder when 318 is divided by x.
21
Suppose 21 - 246 = 5*n. Let i be 28/(-6)*99/(-6). Let d = i + n. What is the remainder when d is divided by 9?
5
Let a(c) = -14*c - 10. Let s(d) = -14*d - 11. Let m(z) = 3*a(z) - 2*s(z). Let k be m(-6). Calculate the remainder when 33 is divided by (-2)/(144/k + -2).
14
Let l(d) = 7*d**2 - 5*d - 36. Let k be l(-3). Suppose -612 = 25*h - k*h. Calculate the remainder when 70 is divided by h.
34
Suppose 0*l + y = -2*l + 943, -2*l + y = -945. Suppose -132 + l = 5*j. Suppose 3*o + 61 = d, j = d + 3*o + o. What is the remainder when d is divided by 17?
13
Let c be (-2 - 128)*2/(-4). Let g be 13/c - 468/(-10). Suppose 2*j - 7 = g. What is the remainder when j is divided by 6?
3
Let d = -18 - -19. Let c be ((d - 7)*3)/((-2)/10). Calculate the remainder when -6*(-3)/9 + c is divided by 24.
20
Calculate the remainder when ((-2)/(-8))/(((4 - 10)/24)/(-25)) is divided by -11*1/(-4)*4.
3
Suppose 1546*s - 2*f = 1543*s + 3430, -2*s - f = -2268. What is the remainder when s is divided by 113?
8
Suppose 0 = -32*q - 553 + 1116 + 461. Calculate the remainder when 1693 is divided by q.
29
Calculate the remainder when ((-10)/((-20)/(-3142)))/(7/(-7)) is divided by 163.
104
Let y = 120 + -71. What is the remainder when y - 44 - (-276)/1 is divided by 41?
35
Let n = 391 + -200. Let w = 593 - n. Let c = w + -268. What is the remainder when c is divided by 27?
26
Let m = 7129 - 5809. Calculate the remainder when m is divided by 325.
20
Suppose 4 = 2*m + 4*s + 6, 4*m - 14 = s. Let o(l) = -2 - 17 - 11*l + m*l. Calculate the remainder when 52 is divided by o(-6).
23
Suppose 11*g - 13*g - 2 = 0, 0 = 3*o - g - 16. Suppose -70 = -4*t + o*d + 4, -2*t + 40 = -d. What is the remainder when 53 is divided by t?
11
Suppose -3*w - 76*z = -78*z + 275, 3*z + 77 = -w. Let f(h) = 121*h**2 + 2*h - 1. Let q be f(1). Let m = w + q. What is the remainder when 91 is divided by m?
25
Suppose -3*j - 4*u + 1666 = 0, -7*u + 241 = j - 303. Calculate the remainder when j is divided by 33.
30
Let w(x) = -280*x - 3230. Calculate the remainder when 1558 is divided by w(-12).
128
Suppose -v + 3 = -5*d, 0 = -d - 0*v + 2*v - 6. Let j = 11 + 0. Calculate the remainder when (-52)/(-4 - (d - 0)) is divided by j.
2
Suppose 3*u - 42 = -3*w, 8*u + 34 = 2*w + 9*u. What is the remainder when (2/(-4))/1*-194 is divided by w?
17
Suppose 2*o - 8 = 0, r = 5*o + 701 + 7194. Calculate the remainder when r is divided by 203.
201
Let f(v) = 78*v + 7091. What is the remainder when f(-53) is divided by 51?
50
Suppose 14*s + 16*s - 510 = 0. Let m(c) = -2*c + 86. Calculate the remainder when 518 is divided by m(s).
50
Let b = 147 - 191. Let m = 108 - b. What is the remainder when m is divided by 13?
9
Suppose -78*y = -13005 + 4659. What is the remainder when y is divided by 74?
33
Suppose 0 = 2*l + 179 + 25. Let r = l - -155. What is the remainder when r is divided by (-15)/(90/16)*45/(-4)?
23
Let w(s) = -s**3 - s**2 - 23*s - 290. Calculate the remainder when 205 is divided by w(-6).
9
Let z = -9092 + 9185. Calculate the remainder when 159 is divided by z.
66
Let s(t) = -3*t - 124. Let k be s(23). Let h = k - -219. Calculate the remainder when h is divided by 10.
6
Suppose -4 = -h + 83. Let x = 2677 + -2666. What is the remainder when h is divided by x?
10
Let t(r) = -9*r - 3. Suppose -x - q = -38, -5*x + 74 = -2*q - 88. Suppose 4*j = 3*p + 2*p + x, 0 = p + 2. Calculate the remainder when t(-2) is divided by j.
3
Let r = 4063 + -3337. What is the remainder when r is divided by 141?
21
Let r(k) = 67*k - 17. Let d be r(2). Let c = d + 164. Calculate the remainder when c is divided by 47.
46
Let t(k) = k**2 - 6*k - 41. What is the remainder when 380 is divided by t(-5)?
2
Suppose 15*i - 10*i = 0. Suppose i = b + b - 12. Suppose -4*m + b*m = 40. Calculate the remainder when 79 is divided by m.
19
Let q(u) = u**2 + 14*u - 653. Suppose 5*o - 1020 = -90. What is the remainder when o is divided by q(20)?
24
Let o = 13 - 8. Let k = -693 + 721. Suppose c + k = o*c. What is the remainder when c is divided by 4?
3
Calculate the remainder when 399 is divided by 25 + (4 - 11) - -2.
19
Suppose 509*l = 508*l + 28. Calculate the remainder when l is divided by (-2)/(-3) - (-122)/6.
7
Suppose -5*p = 472*g - 470*g - 214, 2*p - g = 91. Calculate the remainder when p is divided by 28.
16
Let v = 30 - 28. Suppose -8*a = -v - 38. Let q(i) = 3*i**2 + 7*i - 8. What is the remainder when q(a) is divided by 26?
24
Let o = -364 + 360. Let j = o + 13. Calculate the remainder when 123 is divided by j.
6
Suppose 221 + 753 + 394 = 36*i. Calculate the remainder when 72 is divided by i.
34
Let z(c) = c**3 - 19*c**2 - c + 45. Suppose -6*o + 7*o - 4 = 0. Suppose n = o*n - 231. Calculate the remainder when n is divided by z(19).
25
Suppose -268 + 3186 = 2*v. Calculate the remainder when v is divided by 34.
31
Let s be (-1 + (-6)/(-9))/((-10)/270). Let f = -6 + s. Calculate the remainder when (f*85/(-60))/((-1)/20) is divided by 15.
10
Suppose -2*t - 295 = -g, 0 = -2*g - 3*t - 122 + 768. What is the remainder when g is divided by 29?
21
Let t = 2129 + -1130. Suppose -4*w + 3067 = -q - 920, -w = -q - t. Calculate the remainder when w is divided by 37.
34
Let a be -30*(1/5)/((-5)/10). Suppose -a*h = -15*h + 90. Suppose 6*f = f + h. What is the remainder when 10 is divided by f?
4
Let q = -735 + 1214. What is the remainder when q is divided by 60?
59
Let f = -7539 - -7992. What is the remainder when f is divided by 5?
3
Let o = -91 + 94. Let d(l) = -6*l - 33*l**2 - 9*l + l**o + 1 + 25*l**2. What is the remainder when d(10) is divided by 18?
15
Let j(d) = 3*d**3 + 14*d**2 - 36*d - 4. Cal